1 - -2) + -1 - -73) + 5694 + -5708?
59
Evaluate 16 + 1 + -69 + 36 + 43.
27
Evaluate 25 - (-16 + (-32 - -9)).
64
What is the value of -1764 + 1753 - (-1 - -57)?
-67
What is 31 - 0 - ((1 - (10 - -4)) + 18)?
26
107 + -35 + (-11 - 9) + 49
101
What is (-63 + 66 - 59) + 45?
-11
Evaluate 13 + 112 + (-355 - -256).
26
What is (-98 - -213) + -17 + 34?
132
Evaluate (87 - 0 - 2) + (-505 - (-15 + -505)).
100
50 + 2 + -3 - (-30 - 8 - -47)
40
(23 - (18 + 81)) + 2 + 18 - -23
-33
What is 2 + 14 - ((-8 - -4 - 41) + -17)?
78
(0 + 9 - (-1400 - -1395)) + (-1 + 94 - 2)
105
-9 + -5 + (-33 - -78) + -4
27
What is the value of -4 - (-7 - (-4 - 0)) - (-4 + -2 + -9)?
14
Evaluate 15 - (20 - (-25 - (-15 - -18))).
-33
What is the value of -4 + 0 - (-83 + (-26 - -7) + -20 + -3)?
121
Calculate 1 + 28 + 653 + -733.
-51
What is 14 + (-66 + 5 - (-68 - -59))?
-38
Calculate (-153 - -114) + 146 - 15.
92
Evaluate -7 - (-3 - -3 - -5 - (1 + 4)) - -52.
45
What is the value of (-655 - -696) + -1 + -58 + (4 - 26)?
-40
What is the value of -117 + (4 - 8) + (6116 - 6076)?
-81
Evaluate 154 - (158 - 4) - 68.
-68
0 - 2 - ((-32 - (18 + -15)) + -8)
41
What is 7 - 98 - -35 - (2 + (-12 - -3) + 0)?
-49
What is -8 - 1 - (257 + -310)?
44
What is (2 - -83) + -95 - (2 + -1) - 59?
-70
Evaluate -2 + -10 + (4 + (11 - 30) - -7).
-20
What is 14 - (21 + 2 + (-33 - -13))?
11
Evaluate -3915 + 3888 - (-1 + 45).
-71
Evaluate -28 - (35 + -37) - (-21 - -5).
-10
5 + -2 - -17 - (14 + -17 + -10)
33
What is 12 - (-52 - -50 - -28)?
-14
What is 68 + (-140 + 73 - -15) - (-67 + -1)?
84
Evaluate 30 - (48 + -48 + (-4 - 0 - -14)).
20
Calculate -4 + 106 + (1812 - 1863).
51
Evaluate -34 - 143 - (-249 + 169).
-97
What is -3 + -69 + 26 - -34?
-12
Calculate -156 + 99 + -156 + 163.
-50
Calculate -16 + 91 - (18 + 5 + -15 + 8).
59
39 - (-18 + 21 + 18 + 0)
18
Evaluate -122 + (116 - (147 - 44)).
-109
Calculate (-3 - -96) + 6 + (-5 - -11) - (3 + 7).
95
Evaluate ((-4 - -12) + -6 - -4 - (-4 - 0)) + -24.
-14
Calculate -40 + 76 + -42 - -43.
37
What is -2 + (25 - 26) + -48 - 26?
-77
-12 - -3 - (712 + -619)
-102
What is -2016 + 2102 - (44 - 0)?
42
Evaluate -18 + (27 - (-12 + (-8 - -10))).
19
Evaluate -2 + 0 + -14 - ((374 - 34) + -430).
74
Calculate (30 - 0) + (-81 - -27) - 18.
-42
Calculate -6424 - -6474 - (0 - -7).
43
Evaluate -14 - 7 - (-16 + -8 + 8 + 3) - -14.
6
(24 - -13 - 20) + -9
8
Evaluate 95 - -1 - (9604 - 9570).
62
What is -8 + (-27 + 49 + -8 - 69)?
-63
What is the value of (26 - (-20 + 56)) + -18?
-28
What is -17 + 26 + 14 + -16 + -2 + 34?
39
Calculate 73 - (4 + 8 - ((-1 - -29) + -1 + -10)).
78
-77 + 162 - (67 - -21)
-3
What is the value of -206 + 87 - (-121 + -90)?
92
Calculate (-2 + -2 + -1 - (7 + -5)) + -434 + 472.
31
What is (-2 - (1 + 5)) + -3 + 7 + 35 + 15?
46
Evaluate -12 - (139 - 82 - (-5 + -3 - (-2 - 7))).
-68
What is (1 - (5 + -2)) + (2 - 17 - (-65 - -47))?
1
Evaluate 74 + 53 + -129 + 71.
69
4 + -15 + 9 + (-5 - 4) + 60 + -4
45
What is 434 + -470 - (3 + -39)?
0
Calculate 10 + (-7 - (11 + -12 + 8)).
-4
Evaluate -45 - -42 - ((-2 - 7) + -2).
8
(-11 - (-3 - -2) - (644 - 653)) + 4 + 15
18
-12 - -1 - ((-144 - -75) + 85)
-27
Evaluate -10 + 0 + -1 - (51 + -35 + (1 - 28)).
0
23 + (-8 - 0) + (0 - -2 - 7)
10
What is the value of -77 + -5 + 78 + 1 + 2 + 37?
36
Calculate -2 + 0 - (-115 + 35 + 116).
-38
Evaluate (15 - (50 - 16)) + 15 - (15 - -20).
-39
What is the value of (2 - 1 - 3) + 1 - (-1017 + 997)?
19
What is (-56 - (-101 + 10)) + 1 + -7?
29
-13 + 4 + (-51 + 57 - -62)
59
Calculate (667 - 641) + (31 - (-2 - -4)).
55
316 + -338 + (39 - 5)
12
What is the value of -4 - -2 - (-30 - (-71 + 49) - (-69 + 1))?
-62
Evaluate (-123 - -113 - (0 + -3 + -2)) + (-3 - -45).
37
Evaluate (110 - 143 - -141) + 9.
117
What is 72 - (17 - ((16 - -1) + -93 + 111))?
90
Evaluate 42 - (39 + 12) - 37.
-46
Evaluate -1 + (4 - 13) + (29 - 8).
11
What is -17 + 37 + 8 + 8 + -7 + 4?
33
What is the value of -8 + -1 - (-65 - 9 - (9 + -15 + -2))?
57
What is (1 - 6) + (982 - 989) + 1 + -43 + -10?
-64
What is 9 - (8 + 1 + 4 + (-5 - -24))?
-23
Evaluate -47 + 5 + (-55 - -25) - -19.
-53
Evaluate 17 + (4 - (13 - -18 - 4)) + 17.
11
Calculate 7 - -1 - 52 - (-15 + 11 + (1 - -2)).
-43
What is 2 + (38 - (-14 + 35)) + -24?
-5
What is (1 - -27) + 5394 + -5414 + (10 - -2) + -1?
19
Calculate (0 - 4 - -11 - 5) + (-8 - (-33 + -5)).
32
What is 14 - (-5 - (-17 + 14 + (-1 - (-3 + 4))))?
14
Calculate (4 + 162 - 86) + -23.
57
Calculate (-2 - -8) + -95 - (6 + 0 + -10 - -2).
-87
(-3 + 1 - ((16 - -1 - -4) + -33)) + -1
9
What is the value of 18 + (-34 - (-127 + -12))?
123
6 + 3 - (328 - 295)
-24
What is 8 + (-11 - 2) - 6 - (-19 - 8 - -4)?
12
(35 - 57) + 1 + 18 + 17 + 4
18
What is 75 - (146 - (-64 - -69))?
-66
Evaluate 0 + -24 + 1650 + -1631.
-5
What is the value of -21 + 1 + -2 + -33 + 19 + 28 + -4?
-12
Calculate 126 - ((-58 - -22 - -42) + (3 - -4)).
113
Evaluate -31 + 4 + (-3 - 5) - (-11 + -13 - -23).
-34
-1 - -1 - -31 - (-40 - (-67 - (69 - 102)))
37
What is 88 + 45 + -77 + -11?
45
What is the value of -11 + 17 - (-14 + (4 - -14)) - -57?
59
What is the value of (20 - (27 + -16 - -11)) + 3?
1
Calculate 11 - (23 - (-37 - -6 - -19)).
-24
(-7 - -24) + 2 + -59 + -17 + 0
-57
-11 - ((2 - 3) + (-48 - 42 - (4 - -2)))
86
Calculate (-52 - -1) + 6 + 26 + -49.
-68
Evaluate -17 + (9 - 3) + -1 - (47 - 60).
1
What is 0 + 77 + -50 + 12 - 161?
-122
(-1 - -5) + (-41 - -94) + (-78 - -69)
48
What is -24 - (-71 + (-3 - -38))?
12
Evaluate 14 + -11 + (-3 - 7) + 6.
-1
What is (-6 - (2 - 4)) + 67 + -57 - (-5 - -3)?
8
Evaluate 10 - (-2 - (3 + 22 + -11 + -17 + 1)).
10
Calculate -48 + (92 - -36) + -58.
22
Calculate (32 - (-10 + 24)) + 13 + 1.
32
59 + (-3 - (-12 - (1 - 7))) + -18
44
What is the value of (-52 - -17) + -18 + 44?
-9
Calculate 8 + (-12 + 7 - 5) + -8 + 8.
-2
What is 100 + -17 + (14 - (10 - 19 - -13))?
93
55 + 22 + (-17 - 7)
53
216 - 302 - (-4 - 144)
62
What is the value of (1 + -38 - (533 - 605)) + -130?
-95
Calculate -21 - 2 - 1 - (618 - 637).
-5
What is the value of (122 - 112) + (-2 + 5 - (-1 + 7))?
7
What is 1 + (20 - 16) + 13?
18
What is the value of 149 - (20 + -17 + 4) - (-4 + 2 - 3)?
147
(38 - 11) + -13 + 5 - -2
21
What is the value of 14 + 1 + -7 - (-305 + 290)?
23
What is the value of -6 + (-23 - 3) - ((5 - 12) + 0)?
-25
-34 + 55 + -9 - 43
-31
4 + -3 + 1 + 879 + -839
42
Calculate -267 - (-57 + -177) - (-2 - 85).
54
What is 16 + -44 + 32 + (-1 - 0) + -63?
-60
What is the value of -63 + (113 - (-2 + 45))?
7
37 + (-37 - (-36 - -24 - -118))
-106
What is the value of 8 + (-4 - -9) + 23 - (4 + -6 - 9)?
47
Calculate 0 - (-23 + 15) - (-1 - -13) - 70.
-74
What is -35 + -93 + 259 + -85?
46
Calculate 78 - 22 - (24 + -17 + -5).
54
What is the value of -15 + 12 + (1 + 3 - 32 - (-12 + 9))?
-28
What is the value of 40 - (14 + 20) - 39?
-33
Calculate 36 + (-25 - 116) + 8 + 14.
-83
-46 + -2 - (83 + (-16 - 36))
-79
Evaluate 1 - (-1 + 2) - 21 - (16 + -12).
-25
Evaluate -76 - (-18 - ((23 - 49) + 24)).
-60
Evaluate (69 - -28) + -226 - -23.
-106
(-23 - -25) + (4 - (-19 - 6)) + (-11 - -2)
22
What is the value of 23 + -13 + (-5 - (-3 - (-7 - 2)))?
-1
Evaluate -114 - -69 - (6 + (2 - (7 - -3) - -8)).
-51
Evaluate (3 - 13) + 1 + 92 + -31.
52
1 + -132 - (47 - (135 - 80))
-123
What is the value of 4 + 1 + 0 + 17 + 4 + (185 - 192)?
19
Evaluate 29 + -2 + -3 + 6 + -2 + -1 + -10.
17
Evaluate -12 + (6 - (-15 + 17 + -4)) - (-1 - -2).
-5
What is the value of 18 - (46 - 38) - -19?
29
Calculate 6 + 0 - (-22 + -1 + 503 + -466).
-8
Calculate 7 - 42 - (-8 + 8 + 23).
-58
What is the value of 2 + 0 + -3 + (54 + -1 - (154 - 166))?
64
-58 + -77 + 27 + 32 + (-1 - -6)
-71
Evaluate 15 + (0 - (-10 + 13) - -1) + -43.
-30
Calculate -62 + 34 + -1 - 12.
-41
Calculate (-254 + 277 - (-14 + 4)) + -96.
-63
What is the value of 30 + (-8 + 2 - (-7 - (14 + -16)))?
29
Evaluate 78 - (-44 - (-172 + 55)).
5
Evaluate -10 + 1 - (3 - (11 + -14 + 26)).
11
Calculate -34 + (25 - (-39 + 114)).
-84
16 + (9 - (-5 + -13 + 17)) - 0
26
-3 + (2 - -10) - (70 + (-24 - 34))
-3
What is the value of 5 + (182 + -83 - (3 + -1 + -2) - 3)?
101
Calculate -32 + -11 + 114 + -43.
28
Evaluate -18 - ((-8 + -9 - -17) + 19 + -11).
-26
(5 - 4) + -59 + 87 + 7
36
-9 + (9 - 13) - 11
-24
What is the value of -107 + (-123 - -326) + 1?
97
Evaluate -12 - -23 - (9 + -2 + 6 + (30 - 103)).
71
Eval